0?
-194
In base 13, what is -11c5 + 0?
-11c5
In base 10, what is 79 + -21?
58
In base 10, what is 4 - 127?
-123
In base 2, what is -1 - 1100010000?
-1100010001
In base 16, what is -c4 + 3?
-c1
In base 8, what is 53 + 77?
152
In base 6, what is 5 - 13321?
-13312
In base 4, what is 11 + 101?
112
In base 12, what is 11 - 5?
8
In base 7, what is -1346 - -2?
-1344
In base 7, what is 123 - 2?
121
In base 4, what is -2020 - 1120?
-3200
In base 15, what is -b5 - -a?
-aa
In base 11, what is 20 + -79?
-59
In base 5, what is -14143 - 4?
-14202
In base 2, what is -1010110 - 11?
-1011001
In base 10, what is 109 + -1?
108
In base 3, what is 2 + -21121?
-21112
In base 12, what is -1a5 - -4?
-1a1
In base 12, what is 0 - -1b?
1b
In base 4, what is 20332 - 10?
20322
In base 3, what is 12 - 10101000?
-10100211
In base 12, what is 9 - 226?
-219
In base 12, what is -493 + -5?
-498
In base 8, what is 0 + 77?
77
In base 14, what is -5 + 33b8?
33b3
In base 5, what is 1411 - 10?
1401
In base 15, what is a0 + -6?
99
In base 9, what is 0 - 52?
-52
In base 8, what is 165 + -4?
161
In base 15, what is 23 + -8?
1a
In base 16, what is b7 + 6?
bd
In base 12, what is -47a9 - 4?
-47b1
In base 7, what is -4 + -12531?
-12535
In base 14, what is -2 - -162?
160
In base 4, what is -332 + -30?
-1022
In base 2, what is 1101001 - 101?
1100100
In base 2, what is -100 - -110101?
110001
In base 8, what is -42 + -104?
-146
In base 2, what is -11111 - -1?
-11110
In base 15, what is dd - -5?
e3
In base 16, what is 45 - d8?
-93
In base 2, what is 100101000 + -11?
100100101
In base 9, what is 6 - -4?
11
In base 10, what is 3270 + 1?
3271
In base 14, what is -57 + 1?
-56
In base 13, what is 77 - -14?
8b
In base 9, what is 4331 + -4?
4326
In base 4, what is 2 + 23002?
23010
In base 4, what is 2203 - 10?
2133
In base 7, what is -2423 + -5?
-2431
In base 4, what is -103 - -23?
-20
In base 10, what is 6 + -963?
-957
In base 9, what is -12 + -16?
-28
In base 3, what is 221 + 1010101?
1011022
In base 16, what is -3 - 59e?
-5a1
In base 12, what is 2 - 2041?
-203b
In base 6, what is 20 - -304?
324
In base 14, what is -81 - 13?
-94
In base 6, what is -105424 - 4?
-105432
In base 12, what is -5 + 89?
84
In base 13, what is 3 + 62?
65
In base 7, what is 3 - 21?
-15
In base 9, what is 728 - -2?
731
In base 8, what is -2 - 334?
-336
In base 16, what is 6 - 3be?
-3b8
In base 7, what is 0 - -3113?
3113
In base 11, what is -4 - 350a?
-3513
In base 10, what is -43 - -65?
22
In base 8, what is -75707 - 0?
-75707
In base 13, what is -206 + 49?
-18a
In base 7, what is -3 - 12?
-15
In base 2, what is -100 + -1011111011?
-1011111111
In base 4, what is 2 - -201?
203
In base 14, what is 822 - -3?
825
In base 3, what is -1112 - 120?
-2002
In base 16, what is 2 - 4?
-2
In base 9, what is -1 + 155?
154
In base 13, what is -1 + -1b?
-1c
In base 15, what is 26 - -5?
2b
In base 10, what is -2 - -1432?
1430
In base 14, what is -5 + -39c?
-3a3
In base 7, what is 114 - 4?
110
In base 3, what is 11212 - 0?
11212
In base 5, what is 3320 - 10?
3310
In base 14, what is 3a + -1?
39
In base 3, what is -1112 - 1000102?
-1001221
In base 5, what is -11 - 23313?
-23324
In base 16, what is 10 - 2a?
-1a
In base 7, what is 4 - -110?
114
In base 4, what is -2022103 + 2?
-2022101
In base 16, what is -2 - 9a?
-9c
In base 9, what is -6 + -8?
-15
In base 12, what is 546 + -4?
542
In base 6, what is -41 - -13?
-24
In base 10, what is 94 - -1?
95
In base 7, what is 20 - 2306?
-2256
In base 14, what is c35 - -5?
c3a
In base 12, what is 9 - -14?
21
In base 10, what is -75 + -5?
-80
In base 15, what is 268 + -4?
264
In base 15, what is 0 - -532?
532
In base 2, what is 10 + 1001?
1011
In base 12, what is 379 - 4?
375
In base 6, what is -3 + -131?
-134
In base 12, what is 3 - 6b?
-68
In base 6, what is 1210 + -4?
1202
In base 7, what is -553 - -5?
-545
In base 11, what is 5 + -275?
-270
In base 12, what is -21 + 1a?
-3
In base 6, what is -4 + 15130?
15122
In base 13, what is -1469 - -3?
-1466
In base 8, what is -6277 - -3?
-6274
In base 10, what is 3 + 43?
46
In base 7, what is -13 - 11?
-24
In base 14, what is -1 + -3a?
-3b
In base 7, what is 1 - -11035?
11036
In base 14, what is -1aa + -8?
-1b4
In base 10, what is -13306 + 5?
-13301
In base 15, what is 8 + 16?
1e
In base 2, what is 10 + -10011011100?
-10011011010
In base 8, what is 40 + 65?
125
In base 16, what is -1 + 18?
17
In base 2, what is 101 - -100010001100?
100010010001
In base 3, what is 2221 + -22?
2122
In base 5, what is -122 - 10?
-132
In base 4, what is -310 + 2?
-302
In base 16, what is -2 - -48?
46
In base 3, what is -2 - 10000?
-10002
In base 11, what is -4 - -12a4?
12a0
In base 3, what is -202 - -2012?
1110
In base 6, what is -5 + 2?
-3
In base 6, what is -1 + 1113?
1112
In base 12, what is -435 + -22?
-457
In base 12, what is -1 - 491?
-492
In base 15, what is 139 + -42?
e7
In base 4, what is 12022 - -12?
12100
In base 11, what is -63 + 74?
11
In base 16, what is 4 + -34?
-30
In base 8, what is 73 + -77?
-4
In base 2, what is 101011110010 + -101?
101011101101
In base 11, what is -a1 + -2?
-a3
In base 6, what is -1 + 1510?
1505
In base 16, what is -18 + 1f7?
1df
In base 16, what is -5 + 1a?
15
In base 15, what is -ab + -5?
-b1
In base 4, what is 1 + 212212?
212213
In base 4, what is 12103 - -22?
12131
In base 8, what is -10737 + 3?
-10734
In base 6, what is -52 - 120?
-212
In base 16, what is -8e - 0?
-8e
In base 7, what is -3 + 323?
320
In base 9, what is 11 + 1?
12
In base 16, what is 1 - 193?
-192
In base 16, what is 1f + -5?
1a
In base 6, what is 125 + 1023?
1152
In base 13, what is -ac2 + 1?
-ac1
In base 10, what is 5 + 141?
146
In base 5, what is 0 - -113?
113
In base 12, what is -183 - 2?
-185
In base 11, what is 573 - -4?
577
In base 3, what is 1 + -11?
-10
In base 2, what is -10 + -11101100?
-11101110
In base 15, what is a - 8?
2
In base 6, what is -13 + 20?
3
In base 2, what is -100111101010 - -10?
-100111101000
In base 9, what is -1 + -588?
-600
In base 7, what is 11 - 11?
0
In base 3, what is 22 - -1002?
1101
In base 12, what is 3a + 3?
41
In base 14, what is -600b + 1?
-600a
In base 6, what is 21 - -22?
43
In base 16, what is -8a4 - 5?
-8a9
In base 4, what is -223 + 302?
13
In base 3, what is -11211100 + -1?
-11211101
In base 14, what is 3a4 - -5?
3a9
In base 9, what is -46 - -38?
-7
In base 15, what is -52 - 7?
-59
In base 3, what is 10120 + 102?
10222
In base 16, what is -3 + -b?
-e
In base 12, what is -2 - -3b6?
3b4
In base 11, what is -3a1 - -2?
-39a
In base 9, what is 160 + -6?
153
In base 11, what is -3110 - -4?
-3107
In base 4, what is -11 + 1233?
1222
In base 12, what is 17 + -4?
13
In base 14, what is -4 + 5b?
57
In base 15, what is 0 - -2a9?
2a9
In base 15, what is -25 - 2?
-27
In base 5, what is -431 + 1?
-430
In base 10, what is 77 + 159?
236
In base 12, what is 5 + -30a3?
-309a
In base 16, what is 69 + 1?
6a
In base 15, what is 2067 - 0?
2067
In base 5, what is -134 - -3203?
3014
In base 16, what is 60 + -3?
5d
In base 3, what is 1000220 + 1012?
1002002
In base 5, what is 2142 - -4?
2201
In base 5, what is -33133 + -10?
-33143
In base 15, what is -14 - 39?
-4d
In base 5, what is 10 - -120024?
120034
In base 16, what is -1832 + -1?
-1833
In base 3, what is 11 - -101?
112
In base 12, what is -5a3 - -3?
-5a0
In base 4, what is 130221 - -1?
130222
In base 14, what is -16c0 + 9?
-16b5
In base 3, what is 22 + -100221?
-100122
In base 7, what is 203 + 4?
210
In base 13, what is 168 - -4?
16c
In base 16, what is -5 - c?
-11
In base 14, what is 198 + 3?
19b
In base 13, what is -18 + 0?
-18
In base 10, what is 21 + -2?
19
In base 11, what is -5 - 6a?
-74
In base 7, what is -36352 - -3?
-36346
In base 16, what is -c1 + -7?
-c8
In base 5, what is -224424 + 3?
-224421
In base 13, what is -1 + 2a9a?
2a99
In base 5, what is 30 - 11?
14
In base 3, what is 10020021 + -11?
10020010
In base 16, what is 2 - -590?
592
In base 2, what is 101 - -110010?
110111
In base 9, what is -3 - -75?
72
In base 16, what is -1fe + -5?
-203
In base 16, what is bf3 - 1?
bf2
In base 14, what is -30 - -10?
-20
In base 9, what is 32 + -1?
31
In base 2, what is 10000110 + -10?
10000100
In base 3, what is -100 + -10100?
-10200
In base 5, what is -301 + 1?
-300
In base 3, what is 20122112 - -11